at is 22 + -143421?
-143344
In base 2, what is -10110010111011101 + -10?
-10110010111011111
In base 6, what is -200315 - -5?
-200310
In base 2, what is 100010 + 10101001100010?
10101010000100
In base 4, what is 20021212 - 3?
20021203
In base 15, what is 6acb + -b1?
6a1a
In base 12, what is 17 - 8a06?
-89ab
In base 8, what is 53202 + 5?
53207
In base 9, what is -1 - -127067?
127066
In base 15, what is -9d + 66?
-37
In base 7, what is 25 - 2335?
-2310
In base 6, what is -140 + 10412?
10232
In base 4, what is -1 - 31002013?
-31002020
In base 4, what is 230121131 - 11?
230121120
In base 7, what is 26 - -1035364?
1035423
In base 11, what is -3 - 692?
-695
In base 13, what is -559 - 44?
-5a0
In base 8, what is 40723 + 33?
40756
In base 7, what is -153 - -6265?
6112
In base 12, what is -5 - a3188?
-a3191
In base 7, what is 15 + 3231162?
3231210
In base 5, what is 0 + 3001414?
3001414
In base 6, what is 1 - 102015?
-102014
In base 9, what is -220 - 251?
-471
In base 9, what is 741 + -81?
650
In base 10, what is 2 - 53446?
-53444
In base 11, what is a83 - -65?
1038
In base 4, what is 3111 - -201232?
211003
In base 13, what is 3085 - -95?
314a
In base 2, what is 1010011110001 - 11010001?
1010000100000
In base 9, what is 0 + -605750?
-605750
In base 3, what is -12 - 2111112202?
-2111112221
In base 8, what is -51627134 + 2?
-51627132
In base 2, what is -111110 + 11110001111?
11101010001
In base 14, what is 57ba + 7?
57c3
In base 9, what is -2 + -1025?
-1027
In base 6, what is 0 - -222120?
222120
In base 11, what is -1979a + -1?
-197a0
In base 13, what is -283b19 + 5?
-283b14
In base 9, what is 8431 + 8?
8440
In base 10, what is -3062 + -16?
-3078
In base 4, what is -3 - -2322031?
2322022
In base 12, what is -97728 - 0?
-97728
In base 7, what is 12241 + -26?
12212
In base 14, what is 5a - 3373?
-3317
In base 5, what is 42201 - -31124?
123330
In base 11, what is 1 + 80a202?
80a203
In base 8, what is -16250 - -22?
-16226
In base 11, what is 499a1 + 1?
499a2
In base 5, what is 32232 + 11?
32243
In base 8, what is -621431 + 0?
-621431
In base 13, what is -727 + -15?
-73c
In base 2, what is -1000100110100 + -1?
-1000100110101
In base 7, what is -210 - 245024?
-245234
In base 8, what is 2 - 414115?
-414113
In base 12, what is -26b5 - -11?
-26a4
In base 8, what is 2 - -46460?
46462
In base 2, what is 10010100 - 11000101?
-110001
In base 13, what is 4c4 - -3a?
531
In base 4, what is 321 + -2020022?
-2013101
In base 5, what is -3130 + -30?
-3210
In base 6, what is -3 - 33233322?
-33233325
In base 12, what is -204 + 55?
-16b
In base 3, what is 1020000211 - -1000?
1020001211
In base 6, what is 514 - -43?
1001
In base 6, what is 13241 + 2?
13243
In base 4, what is -2 - -11103002330?
11103002322
In base 16, what is 41b7e + -2?
41b7c
In base 9, what is -15 + 3263?
3247
In base 5, what is 102031422 - 10?
102031412
In base 2, what is 0 + -1001011001?
-1001011001
In base 7, what is 3011201 - -3?
3011204
In base 5, what is -1024210 + 203?
-1024002
In base 7, what is 11334464 + 4?
11334501
In base 9, what is -37 + 20885?
20847
In base 8, what is -1 + -411300?
-411301
In base 6, what is 31 - -12244412?
12244443
In base 16, what is dc7 + -59?
d6e
In base 4, what is 2132033 + 200?
2132233
In base 16, what is ab5a + 1?
ab5b
In base 14, what is -4 + -c163?
-c167
In base 8, what is -1662572 - -1?
-1662571
In base 8, what is 74 + -16301?
-16205
In base 13, what is -c4 - -95?
-2c
In base 4, what is -11010110 + -11?
-11010121
In base 9, what is 1778 - 71?
1707
In base 6, what is -1044 - -301?
-343
In base 14, what is -5 - 3ad2?
-3ad7
In base 7, what is -13 + -403542?
-403555
In base 2, what is 1001111110100011 - -1011?
1001111110101110
In base 6, what is 153 + -24355?
-24202
In base 12, what is 162 + 6319?
647b
In base 13, what is 4 - -9057?
905b
In base 4, what is -3 - -13101211?
13101202
In base 7, what is -56561 - 20?
-56611
In base 7, what is 5 + -152640?
-152632
In base 2, what is 1101001001 + 11111?
1101101000
In base 12, what is 4 + 8709b?
870a3
In base 14, what is 46 - -4?
4a
In base 5, what is -3 - 40302203?
-40302211
In base 7, what is 22165 - -1?
22166
In base 14, what is -384d + -18?
-3867
In base 6, what is 12543 + 2015?
15002
In base 7, what is -11425 - 5?
-11433
In base 5, what is 142140033 + 1?
142140034
In base 14, what is -1865dc - -2?
-1865da
In base 9, what is 7 + 54506?
54514
In base 8, what is -35 - -365?
330
In base 11, what is 107 - 70?
47
In base 9, what is -54 - 4323?
-4377
In base 5, what is 242 - -131?
423
In base 3, what is 2222012101 - -1?
2222012102
In base 5, what is 110024140 - 0?
110024140
In base 13, what is 1ca + 185?
382
In base 14, what is -2a - c54?
-c80
In base 3, what is 1012202012000 + 1?
1012202012001
In base 5, what is 1211211 - -13?
1211224
In base 9, what is -11 - 6426?
-6437
In base 12, what is 12788 - 9?
1277b
In base 9, what is -5 + 384127?
384122
In base 7, what is 612 - 6415?
-5503
In base 6, what is 234 + 21?
255
In base 7, what is -10 + -506046?
-506056
In base 13, what is 1c9 - -102?
2cb
In base 7, what is -5 - -4446236?
4446231
In base 13, what is -75cc - 2?
-7601
In base 2, what is -101 - 11101100001?
-11101100110
In base 8, what is 4 - -235745?
235751
In base 14, what is 5 + -48475?
-48470
In base 14, what is -16 - -87a2?
878a
In base 7, what is 41 + -4422?
-4351
In base 3, what is 10 + -111100011212?
-111100011202
In base 3, what is -1201011 + 11121?
-1112120
In base 3, what is 1 - -2112120120122?
2112120120200
In base 5, what is -3424004 + 3?
-3424001
In base 6, what is 20541234 + -5?
20541225
In base 5, what is 3421 + -3032?
334
In base 15, what is 39 + 90b?
945
In base 9, what is 3 + -182270?
-182266
In base 12, what is 4 - 38241?
-38239
In base 5, what is -1 + 1101041?
1101040
In base 11, what is 3209 + 18?
3226
In base 15, what is -4 + -13a58?
-13a5c
In base 5, what is 242121 - 11?
242110
In base 15, what is -845 - -6?
-83e
In base 15, what is -1a18d + -18?
-1a1a6
In base 9, what is -4 + 452263?
452258
In base 8, what is 600 - -7315?
10115
In base 12, what is 6 + -1155?
-114b
In base 3, what is 211 - -112122?
120110
In base 11, what is 80 - -61?
131
In base 16, what is 1a + -1723f?
-17225
In base 10, what is -11523 - 3?
-11526
In base 4, what is -10012001 - -1?
-10012000
In base 16, what is 39 + 14c?
185
In base 6, what is -11122 + -5?
-11131
In base 2, what is 101 + 1001101010111?
1001101011100
In base 11, what is -12897 + -a?
-128a6
In base 5, what is -133 + 33223?
33040
In base 11, what is 148580 + 5?
148585
In base 13, what is -608b79 - 5?
-608b81
In base 16, what is -27eb - -1e?
-27cd
In base 9, what is 7 + -108?
-101
In base 8, what is -6 + 66515?
66507
In base 12, what is 5199 + 7?
51a4
In base 7, what is 20151 - -5?
20156
In base 6, what is 12 - 25550414?
-25550402
In base 7, what is 230 + -13103?
-12543
In base 6, what is 102052 + 355?
102451
In base 10, what is 2 - 470846?
-470844
In base 11, what is 22034 + -1?
22033
In base 9, what is 145524 - -40?
145564
In base 2, what is 1111111 - 11?
1111100
In base 15, what is -10c - 528?
-635
In base 11, what is -4551 - 68?
-4609
In base 13, what is b + 6a421?
6a42c
In base 2, what is -1011101000 + -10101101?
-1110010101
In base 7, what is 3 - -140622?
140625
In base 8, what is 2310251 - 4?
2310245
In base 8, what is 1 + -102675?
-102674
In base 16, what is 4 + -7a6?
-7a2
In base 16, what is -21617c - -4?
-216178
In base 10, what is 8508803 - -2?
8508805
In base 13, what is 476104 + -1?
476103
In base 11, what is 693615 - -3?
693618
In base 2, what is 1000 - -1111000011000?
1111000100000
In base 10, what is -9 + -1927?
-1936
In base 13, what is -19c37 - 32?
-19c69
In base 9, what is 33655 + -201?
33454
In base 8, what is 41337 + 5?
41344
In base 12, what is -1741 + -6?
-1747
In base 10, what is -18786 - -3?
-18783
In base 5, what is -12 + 120222?
120210
In base 15, what is 10ed + -4?
10e9
In base 14, what is 2 + -1706a?
-17068
In base 5, what is -123 - 20433323?
-20434001
In base 2, what is 1010010 - 110100111001?
-110011100111
In base 8, what is 26066 - -34?
26122
In base 14, what is 186610 - -9?
186619
In base 11, what is -9024 + -114?
-9138
In base 12, what is -1ba + 57?
-163
In base 3, what is 102210 + 1212?
111122
In base 6, what is 110 + -135335?
-135225
In ba